tors of 10886558?
2, 5443279
What are the prime factors of 74812758?
2, 3, 881, 14153
What are the prime factors of 2042933795?
5, 7, 2999, 19463
List the prime factors of 230452950.
2, 3, 5, 7, 13, 16883
What are the prime factors of 87706244?
2, 21926561
What are the prime factors of 1187389670?
2, 5, 47, 2526361
List the prime factors of 37566426.
2, 3, 29, 215899
List the prime factors of 4970682509.
13, 10799, 35407
List the prime factors of 2960128161.
3, 19, 911089
What are the prime factors of 36765743?
7, 5252249
What are the prime factors of 5439404529?
3, 13, 15496879
What are the prime factors of 196949840?
2, 5, 2461873
List the prime factors of 119682392.
2, 641, 23339
What are the prime factors of 2043226234?
2, 7, 145944731
List the prime factors of 316109094.
2, 3, 7, 1075201
List the prime factors of 182570597.
11, 113, 191, 769
What are the prime factors of 1287763305?
3, 5, 277, 309931
What are the prime factors of 931693771?
43, 21667297
What are the prime factors of 3647817?
3, 101, 4013
List the prime factors of 71769214.
2, 11, 71, 4177
List the prime factors of 1454871544.
2, 7, 75743
What are the prime factors of 107285893?
11, 13, 439, 1709
List the prime factors of 1016477441.
7, 2531, 57373
What are the prime factors of 1268658230?
2, 5, 7, 18123689
What are the prime factors of 169069186?
2, 11, 13, 61, 881
What are the prime factors of 7193195?
5, 83, 17333
What are the prime factors of 3353710?
2, 5, 151, 2221
What are the prime factors of 56614348?
2, 7, 223, 9067
What are the prime factors of 1135883117?
1135883117
What are the prime factors of 269779112?
2, 29, 31, 37511
What are the prime factors of 136203776?
2, 266023
What are the prime factors of 50041532?
2, 269, 46507
What are the prime factors of 804935799?
3, 359, 9227
List the prime factors of 1085502311.
1085502311
What are the prime factors of 810765832?
2, 101345729
What are the prime factors of 869588712?
2, 3, 67, 180263
What are the prime factors of 53365486?
2, 26682743
What are the prime factors of 35101635?
3, 5, 53, 67, 659
What are the prime factors of 224058487?
17, 587, 22453
List the prime factors of 1315738110.
2, 3, 5, 101, 434237
What are the prime factors of 1944592640?
2, 5, 1519213
What are the prime factors of 504500811?
3, 43, 163, 23993
What are the prime factors of 199775014?
2, 99887507
What are the prime factors of 696224562?
2, 3, 11, 17, 19, 2969
List the prime factors of 339330436.
2, 84832609
What are the prime factors of 168796232?
2, 11, 809, 2371
What are the prime factors of 113072913?
3, 1613, 7789
List the prime factors of 131216323.
7, 18745189
List the prime factors of 74921801.
41, 1827361
List the prime factors of 33673140.
2, 3, 5, 187073
List the prime factors of 114944063.
13, 31, 285221
List the prime factors of 1642234026.
2, 3, 337, 812183
List the prime factors of 278914473.
3, 37, 419, 1999
List the prime factors of 95227078.
2, 47613539
List the prime factors of 2291235725.
5, 91649429
List the prime factors of 1108862038.
2, 29, 19118311
List the prime factors of 213154220.
2, 5, 251, 42461
What are the prime factors of 155717761?
12241, 12721
What are the prime factors of 48251363?
643, 75041
What are the prime factors of 5682135717?
3, 23, 9149977
List the prime factors of 34934424.
2, 3, 7, 23, 9041
What are the prime factors of 3226008234?
2, 3, 383, 1403833
What are the prime factors of 113194080?
2, 3, 5, 78607
List the prime factors of 4313106757.
4313106757
List the prime factors of 530721951.
3, 127, 383, 3637
What are the prime factors of 5988085525?
5, 17, 47, 59, 5081
List the prime factors of 2807168322.
2, 3, 7, 71, 487, 1933
List the prime factors of 752165421.
3, 7, 173, 207037
What are the prime factors of 3422597262?
2, 3, 7, 19, 41, 73, 1433
What are the prime factors of 103116994?
2, 151, 341447
What are the prime factors of 55533985?
5, 13, 17, 29, 1733
What are the prime factors of 441295848?
2, 3, 7, 23, 38069
List the prime factors of 39128186.
2, 17, 41, 28069
List the prime factors of 1210579255.
5, 242115851
List the prime factors of 4029202704.
2, 3, 2753, 30491
List the prime factors of 126535919.
9613, 13163
List the prime factors of 70028149.
6977, 10037
What are the prime factors of 1664586363?
3, 11, 50442011
List the prime factors of 65893878.
2, 3, 1220257
What are the prime factors of 957333773?
11, 87030343
What are the prime factors of 1658489004?
2, 3, 29, 54779
List the prime factors of 66703708.
2, 16675927
List the prime factors of 216711256.
2, 101, 268207
List the prime factors of 76716483.
3, 293, 87277
List the prime factors of 5753957.
11, 691, 757
List the prime factors of 3624566.
2, 11, 67, 2459
What are the prime factors of 533035168?
2, 16657349
List the prime factors of 3450709707.
3, 14717, 78157
What are the prime factors of 87051915?
3, 5, 214943
What are the prime factors of 23033510?
2, 5, 19, 121229
What are the prime factors of 13252428?
2, 3, 7, 43, 1223
List the prime factors of 4821513894.
2, 3, 47, 881, 6469
List the prime factors of 92427338.
2, 1091, 42359
List the prime factors of 299282539.
97, 1361, 2267
What are the prime factors of 3564349425?
3, 5, 7, 13, 1913
List the prime factors of 20263070.
2, 5, 193, 10499
List the prime factors of 2562203169.
3, 8447, 33703
List the prime factors of 13804482.
2, 3, 2300747
List the prime factors of 217287265.
5, 13, 59, 56659
List the prime factors of 43221656.
2, 19, 127, 2239
List the prime factors of 1004671659.
3, 334890553
List the prime factors of 5102218.
2, 11, 231919
What are the prime factors of 3301942541?
4127, 800083
List the prime factors of 1528853828.
2, 382213457
What are the prime factors of 151446341?
151446341
List the prime factors of 2740545383.
2740545383
What are the prime factors of 2215529979?
3, 13, 19, 31, 43, 2243
What are the prime factors of 535304975?
5, 1303, 16433
List the prime factors of 123067636.
2, 19, 1619311
List the prime factors of 169156092.
2, 3, 7, 137, 14699
List the prime factors of 216845390.
2, 5, 1553, 13963
List the prime factors of 2367212597.
2367212597
List the prime factors of 1837664148.
2, 3, 153138679
List the prime factors of 545806939.
19, 863, 33287
What are the prime factors of 6691237?
7, 955891
List the prime factors of 26064566.
2, 11, 23, 51511
What are the prime factors of 3015783240?
2, 3, 5, 101, 248827
List the prime factors of 43908354.
2, 3, 7, 19, 18341
List the prime factors of 396631815.
3, 5, 26442121
List the prime factors of 171620885.
5, 34324177
What are the prime factors of 3006686382?
2, 3, 7, 3581, 19991
What are the prime factors of 2272053910?
2, 5, 7, 17, 941, 2029
List the prime factors of 6251299.
241, 25939
List the prime factors of 3638960355.
3, 5, 43, 89, 63391
List the prime factors of 1953209880.
2, 3, 5, 19, 285557
List the prime factors of 29216194.
2, 7, 61, 34211
What are the prime factors of 874632025?
5, 29, 97, 12437
List the prime factors of 5209062684.
2, 3, 7, 17, 3647803
What are the prime factors of 907457165?
5, 43, 4220731
What are the prime factors of 146106898?
2, 7, 593, 17599
List the prime factors of 70711348.
2, 17677837
List the prime factors of 4667389792.
2, 13, 103, 108929
List the prime factors of 243422741.
37, 443, 14851
List the prime factors of 415977536.
2, 13, 499973
List the prime factors of 10427601.
3, 59, 58913
List the prime factors of 180633977.
180633977
What are the prime factors of 2473621451?
7, 337, 1048589
What are the prime factors of 932720498?
2, 31, 59, 107, 2383
What are the prime factors of 33200185?
5, 59, 112543
List the prime factors of 24682746.
2, 3, 11, 373981
What are the prime factors of 107809369?
107809369
What are the prime factors of 1402894?
2, 701447
List the prime factors of 125511322.
2, 23, 2728507
List the prime factors of 857118677.
14929, 57413
What are the prime factors of 2579713731?
3, 7, 937, 2081
List the prime factors of 720723258.
2, 3, 43, 157, 659
What are the prime factors of 1301806428?
2, 3, 13, 8344913
What are the prime factors of 146986844?
2, 36746711
List the prime factors of 435725109.
3, 47, 313, 1097
What are the prime factors of 314017072?
2, 479, 40973
List the prime factors of 81006593.
137, 591289
Wha